ose -s*o - 3*o = -5*k + 4190, 2*o + 839 = k. What are the prime factors of k?
3, 31
Suppose 3*n - 488 + 20 = 0. Suppose 3*j + 157 = 2*g, 2*g + 0*g - n = 2*j. Suppose -3*u = -2*v + v - 264, 4*v + g = u. What are the prime factors of u?
89
Let v = 13386 - 1937. What are the prime factors of v?
107
Suppose 40*m - 36*m - 4*r - 65196 = 0, 4*m = r + 65181. List the prime factors of m.
2, 8147
Suppose 22*k - 62000 = -7242. Let c = -1601 + k. What are the prime factors of c?
2, 3, 37
Let o be (-126)/(-21) + (0 - 6). Suppose o = 9*n - 29*n + 14340. What are the prime factors of n?
3, 239
Let j be ((-2)/3)/(58200/(-5292) + 11). Let h = 566 + j. What are the prime factors of h?
2, 17
Let y(k) = 3*k**2 + 46*k + 541. List the prime factors of y(39).
2, 3449
What are the prime factors of 5 - ((102/(-18))/17 - 1322/3)?
2, 223
Suppose 5*k + 14 - 46 = 4*b, 4*k = b + 30. Suppose -k*g = -5*g - 255. What are the prime factors of g?
5, 17
Suppose 4*r - 3144 = -f, 2*f - 5*r = -3*f + 15620. What are the prime factors of f?
2, 17, 23
Suppose -18*q + 2*q = -896. Suppose -f + 93 = -5*i, -5*f + 2*i = -0*i - 419. Let j = f - q. List the prime factors of j.
3
Let m = -135 + 300. Let g = m + 87. List the prime factors of g.
2, 3, 7
Suppose 0 = -96*w + 100*w - 40. Suppose w*c = 2*c + 15624. What are the prime factors of c?
3, 7, 31
Let u = 22812 - 14143. List the prime factors of u.
8669
Suppose -w + 5*d = -164, -9*w - d + 976 = -4*w. What are the prime factors of w?
2, 97
Let s(b) = 3*b**3 - 35*b**2 + 5*b + 3. Suppose z = 2*o + 17, -32 = -2*z + 2*o - 2. List the prime factors of s(z).
2, 3, 31
Let m(q) = 3*q**2 - q + 2. Let w be (-90)/(-21) - 4 - (-44)/(-7). Let t be m(w). Suppose -5*g + 758 = -f, 282 = g - 5*f + t. List the prime factors of g.
151
Suppose 6*s - s = 25. Suppose 24 = -t + s*t. Suppose -t*i + 14 = -5*i. What are the prime factors of i?
2, 7
Let m = -1607 - -2682. What are the prime factors of m?
5, 43
Let h be (300/10)/(3 - 1). Suppose 4*g + 5*a = -0*g + 45, -h = -2*g - a. Suppose 294 + 86 = g*d. List the prime factors of d.
2, 19
Let b = 87 - 82. Suppose -4*k + 77 = b*u, 5*u - 50 = 12*k - 7*k. Suppose 0 = -u*l - 99 + 2829. List the prime factors of l.
2, 3, 5, 7
List the prime factors of 32468 - 8/10*(12 + (-58)/4).
2, 5, 17, 191
Suppose 0 = s - 3*k + 295, 0 = -3*s - 13*k + 8*k - 885. Let n = s + 583. List the prime factors of n.
2, 3
Suppose -3*p = -4*q + 6, -6*p = -2*p + q - 11. Suppose -438 = -3*y - p*m, 3*m - 163 = -y - 24. What are the prime factors of y?
2, 37
Let t = 3 + -27. Let n be t/(-36) - (-10)/3. Suppose 2*b - 5*x = b + 20, 2*b - n*x - 46 = 0. What are the prime factors of b?
5
List the prime factors of (-7365506)/(-976) - 3/(-8).
7547
Let d(k) be the second derivative of -k**5/20 + 17*k**4/12 + 3*k**3/2 + 14*k**2 - 49*k. List the prime factors of d(17).
181
Suppose 4*u = -16, -788 = -4*a - 2*u - 0*u. Suppose -a = -5*b + 616. List the prime factors of b.
163
Let m = 246 - 735. Suppose 84*x = 17980 + 40316. Let r = m + x. What are the prime factors of r?
5, 41
Suppose -j + 85 = 76. Suppose -2360 - 4633 = -j*z. What are the prime factors of z?
3, 7, 37
Let m(d) = d**2 + 7 + 9 + 21*d + 18 + 7. List the prime factors of m(-19).
3
Suppose -4*l - 28 = -2*h, -h - 2*h + 5*l + 37 = 0. List the prime factors of (-1 + 2)*h + 706.
2, 5, 71
Let c = -21 - -18. Let s be 1*71 + (2 - c/(-3)). Let i = s + -54. List the prime factors of i.
2, 3
Let v(h) = 41*h**2 + 11*h - 15. Let c(m) = 8*m**2 + 2*m - 3. Let y(l) = 11*c(l) - 2*v(l). Let d be -30*(-13)/(-39) + 4 + 1. List the prime factors of y(d).
3, 7
List the prime factors of (-99)/(-132) - (-385143)/12.
2, 17, 59
Let t(h) = h**3 - 25*h**2 - 71*h + 25. List the prime factors of t(28).
389
Let y(z) = 6*z**3 + 240*z**2 + 221*z - 57. What are the prime factors of y(-38)?
19, 467
Suppose -7*o + 1132 = 1090. List the prime factors of 1005/(o + -5 + 16/(-40)).
5, 67
Let u = 20 + -19. Let n be ((0 + 15)/u)/((-1)/(-9)). Let h = -94 + n. List the prime factors of h.
41
Suppose -3*c + 147 = -3*q, 0*c - 2*c + 4*q = -96. What are the prime factors of (1 + c/6)/((-3)/(-27))?
2, 3, 7
Let j(u) = -3*u + 62. Let x be j(19). Suppose 79 = -x*m + 704. Let i = 241 - m. List the prime factors of i.
2, 29
Suppose 2*f - 35 = 5*b - 7, 0 = -2*b - 8. Suppose -4*l = 2*x + 8, 3*x + 14 = -f*l + 4*x. List the prime factors of 3*(11/((-22)/(-24)) + l).
3
Let z(p) = -5*p**3 - p**2 - 3*p + 1. Let a be z(2). Let m be (a/2)/((-3)/6). Suppose 2*r - m = 119. List the prime factors of r.
2, 3, 7
Let a(h) = -2*h**3 + 139*h**2 - 180*h + 471. List the prime factors of a(61).
2, 13187
Suppose -21*s + 30 = -33. Suppose -s*i = 3*j - 6*i - 2451, 2*j + 2*i = 1618. What are the prime factors of j?
3, 271
Suppose -136*y + 55290 = -126*y. What are the prime factors of y?
3, 19, 97
Let l be 580/(-50)*5/(-2). Suppose -4*k = 4*p - 313 + l, 3*k - 146 = -2*p. List the prime factors of p.
67
Let w = 72310 - 20057. List the prime factors of w.
52253
Let n be -1005 + 0 + 2*(-14)/(-7). Let z = -495 - n. List the prime factors of z.
2, 11, 23
Suppose 5*j + 16 = 46. Let a be 4/j + (-188)/3. What are the prime factors of 4 + a/16 + 750/16?
47
Let u(t) = 15*t**2 - 64*t + 14. Let w(l) = 8*l**2 - 32*l + 7. Let j(p) = -6*u(p) + 11*w(p). List the prime factors of j(8).
11
Let m(i) = i**2 + 2*i - 12. Let q be m(-5). Suppose -x - 2*r = -0*r - 107, 4*x - q*r - 395 = 0. What are the prime factors of x?
101
Suppose -19*i = -86524 - 35045 - 44472. List the prime factors of i.
3, 971
Suppose -4*u - 15 = -2*q - 3, -3*q = -4*u - 16. Let z(a) = 39*a**2 - 7*a + 21. What are the prime factors of z(q)?
617
Let v be 846*(-7)/((-105)/10). Suppose -4*d + 1556 = 5*w, -2*d = -4*w - 188 - v. List the prime factors of d.
2, 3
Let v be (2/(3 + -1))/((-16)/(-48)). Suppose 0 = 3*y - 9*a + v*a - 258, -a - 385 = -5*y. List the prime factors of y.
2, 19
Let u(r) be the first derivative of -14*r**2 - 22*r - 2. Let q be (-6)/(-9) + (-2415)/315. What are the prime factors of u(q)?
2, 3, 29
Let v = 13804 - 9150. What are the prime factors of v?
2, 13, 179
Suppose 4*w + 0*x - 15 = -x, -2*w = x - 7. Suppose -2*k + w*k = 0. Suppose 34 = -k*o + 2*o. What are the prime factors of o?
17
What are the prime factors of (-842830)/(-95) - 78/(-741)?
2, 1109
Let n be (-2 - -1)/(1/25). Let b(q) = 27*q + 242. Let u be b(-11). Let k = n - u. List the prime factors of k.
2, 3, 5
Let n(l) = -15116*l + 329. List the prime factors of n(-1).
5, 3089
Suppose 2*g - 22310 = -4*t, -5*g - 3*t = -6*t - 55762. What are the prime factors of g?
19, 587
What are the prime factors of 294571760/9240 + (-2)/33?
2, 5, 797
Suppose -1040*s + 1030*s + 30390 = 0. List the prime factors of s.
3, 1013
Let y(g) = -26*g - 116. Let q be y(-14). Let t = 299 - q. List the prime factors of t.
3, 17
What are the prime factors of 2/5 - 125890/(-25)?
2, 1259
Let i = 1196 + 481. Let j = i + -1047. List the prime factors of j.
2, 3, 5, 7
Suppose -19*g = -71101 + 22499. Let a = 3961 - g. What are the prime factors of a?
23, 61
Let t = 1169 - 586. Suppose 485 = 4*j - 3*q, -5*j - 3*q + t = q. Let o = j - -25. List the prime factors of o.
2, 3
Suppose -798 = a - 3*a. Suppose 1524 = 3*o + a. Suppose -o = -4*x + 65. What are the prime factors of x?
2, 5, 11
Let k be 336/5 - ((-24)/(-20))/6. Suppose -4*v - 17 = k. Let z = 269 - v. What are the prime factors of z?
2, 5, 29
Let v = -75 + 80. Suppose 3*d - 395 = -p, 5*p - 4*d - 2003 = -v*d. List the prime factors of p.
401
What are the prime factors of 200/100 - -64*(-1 + 3*7)?
2, 641
Let v(z) = 11*z**3 - 33*z**2 + 224*z - 47. What are the prime factors of v(12)?
61, 277
Let c(v) = -98*v**2 - 4*v + 110*v**2 - v**3 + 20 + 14*v. What are the prime factors of c(12)?
2, 5, 7
Let r be ((-6)/4)/(1 + (-1126)/1120). Let a = r - 560. Let j = -129 - a. What are the prime factors of j?
151
Suppose -252 = 7*q - 511. Suppose -q*w + 8617 = -7478. What are the prime factors of w?
3, 5, 29
Let o = 1113 + -1955. Let z = -449 - o. List the prime factors of z.
3, 131
Let v = -2515 - -4810. Let w = -1637 + v. What are the prime factors of w?
2, 7, 47
Let z(a) = 6*a**3 - 5*a**2 - 71*a + 1121. List the prime factors of z(15).
19181
Suppose 0 = l - 2*u, 2*u - 13 = -5*l + 35. Suppose 0 = -l*z + 4247 + 1841. List the prime factors of 